est common divisor of p and d?
40
Suppose 12*n - 11*n = 20. Suppose -2*o - 4*v = -86, -2*v = 2*v - n. Suppose 0 = -2*q - 10, 0 = -5*b - 4*q - 6 + 1. What is the highest common factor of o and b?
3
Let j be 25*(2/(-8) - 15/(-12)). What is the highest common divisor of j and 265?
5
Let p(d) = 8*d - 53. Let t be p(14). Let c = t + -32. Calculate the greatest common factor of 3 and c.
3
Let p(q) = q + 3. Let m = 115 + -111. Let l be p(m). What is the greatest common factor of l and 49?
7
Let u(y) = -2*y - 7. Let m be u(-6). Suppose -m*o + 0 = -140. Let s be (o/7)/((-4)/(-22)). What is the highest common factor of s and 2?
2
Suppose 3*y - 3*c = 2*y + 32, -y = c - 24. Let v = y + 18. Calculate the highest common factor of 11 and v.
11
Suppose 6*l - 2*l - 8 = 0. Let h be (2/l)/((-3)/(-6)). Suppose h - 47 = -3*q. Calculate the highest common divisor of q and 165.
15
Let x be (-2)/(-5) - 65/((-6825)/378). Suppose 5*p + 0*t = -t + 101, -4*p = 4*t - 84. What is the greatest common factor of p and x?
4
Let h(n) = n**3 + 19*n**2 + 11. Let b be h(-19). Suppose 2*w - 183 - 15 = 0. Calculate the greatest common factor of w and b.
11
Let r = 29 + 58. Suppose 5*w + 5*v = 230, 3*v - r = -4*w + 92. What is the greatest common factor of 41 and w?
41
Suppose 3*t = -421 + 1045. Let h(r) = 3*r**3 - 120*r**2 - r + 66. Let y be h(40). Calculate the highest common factor of y and t.
26
Suppose -3*d + 153 = -5*i + 3, 2*d - 2*i = 100. Suppose 3*c = 128 - d. What is the greatest common factor of 39 and c?
13
Let o(n) be the third derivative of -7*n**4/4 + 7*n**3/6 - 13*n**2. Let p be o(-2). What is the greatest common divisor of p and 13?
13
Let m = -8 - -10. Suppose m = 4*o - 58. Calculate the greatest common divisor of o and 165.
15
Suppose h + 2*h = -2*w + 19, -w - h = -7. Suppose -3*l + 53 = w*x, -5*x + 0*l = l - 113. What is the highest common divisor of x and 88?
22
Let i = -3 + 4. Suppose i + 6 = g. Suppose -4*t = -2*z - 140, -23*t + 11*t = -4*z - 420. What is the highest common divisor of t and g?
7
Suppose -9*b + 740 = -1456. Calculate the greatest common factor of b and 4.
4
Let c = -16 + -11. Let l be (-13 - c)*(0 + 4). What is the greatest common divisor of l and 7?
7
Let s(x) = 76*x - 59. Let z be s(4). Calculate the greatest common factor of z and 140.
35
Let h = -3 + 6. Suppose -4*s - 8 = 4*t, -2*t + h*s = -3*t - 6. Suppose -5*q + 55 = -t*q. Calculate the greatest common factor of 55 and q.
11
Let l(r) = 6*r**2 - 5*r + 10. Let z be l(-4). What is the highest common factor of 588 and z?
42
Let l(j) = 2*j + 18. Let x be l(-7). Suppose 3*r + 41 = 5*h, 0 = -h - x*r - r - 3. What is the greatest common divisor of 49 and h?
7
Let i(h) be the first derivative of h**3/3 + 2*h**2 - 2*h + 13. Let l be i(2). What is the highest common factor of 30 and l?
10
Let j be -14 + -2 + 1 + 0. Let f be 5/(-10) - 0 - j/2. Let l(q) = -25*q + 2. Let m be l(-3). Calculate the greatest common divisor of f and m.
7
Suppose -2*z + p + 173 = 0, 4*z + 5*p - 428 + 103 = 0. Calculate the greatest common divisor of 935 and z.
85
Let t(i) = -62*i + 2. Let u be t(1). Let w be (6/10)/((-6)/u). Suppose -b = 1, -j + 4*b = 8*b - w. What is the greatest common divisor of j and 80?
10
Suppose v = 5*t + 12, 2*v - 12 = t - 3*v. Let h be -2 - (-11 - t) - 0. Calculate the greatest common divisor of h and 49.
7
Suppose q = -26 + 42. Suppose 24 = 4*a - q. What is the highest common factor of 2 and a?
2
Let p(b) = -8*b + 8. Let q be p(-9). Suppose -15 = n + 4. Let t = n + 27. Calculate the greatest common factor of q and t.
8
Suppose 112 = -213*x + 221*x. Calculate the highest common divisor of x and 189.
7
Let y = 18 - -5. Suppose -t + 5*t = 16. Let s(m) = 2*m**2 - 9. Let l be s(t). What is the greatest common divisor of l and y?
23
Let s(r) = -r**3 + 8*r**2 - 6*r - 14. Suppose -4*g = 10*g - 84. Let o be s(g). What is the greatest common factor of o and 88?
22
Let x be ((-100)/(-15))/(10/36). Let q = -6 + 24. What is the greatest common divisor of q and x?
6
Let o = -317 + 423. Calculate the highest common factor of o and 2.
2
Let t(f) = -f**3 + 13*f**2 + 2*f + 4. Let l = 11 + -9. Let j = 11 + l. Let i be t(j). Calculate the greatest common divisor of i and 45.
15
Let m = 36 + -31. Let z be 1*(2/m + (-176)/(-10)). What is the greatest common factor of 162 and z?
18
Suppose 0 = 2*m + 4*z - 13 - 13, 3*m + 4*z = 35. Let i = 11 - m. Suppose 2*x + 2*k - 4 = -0, 4*k + i = x. Calculate the highest common factor of 2 and x.
2
Let i(b) = -b**2 + 39*b + 48. Let w be i(40). Let n = 149 - 61. What is the greatest common divisor of n and w?
8
Let u be ((-54)/8)/(22/(-528)). What is the greatest common factor of u and 27?
27
Let k(c) = c**3 - 5*c**2 - 3*c - 14. Let r be k(6). Suppose 5*o + r + 6 = -5*v, 0 = 2*v + 10. What is the highest common factor of 24 and o?
3
Let h = -906 - -911. Let j(x) = x - 6. Let s be j(8). What is the greatest common factor of h and s?
1
Suppose 0 = -f - 3*a + 80, -5*a = -3*f - 6*a + 280. What is the highest common factor of 57 and f?
19
Suppose -16 = 8*i - 6*i + 4*p, -5*p = 4*i + 23. Let m be -2 - 12/i - -26. Let n be 4/(-6) - (-32)/3. What is the greatest common divisor of m and n?
10
Let z = -271 - -103. Let u be (1/5)/(3/(-15))*z. What is the highest common factor of u and 24?
24
Suppose -a - 40 + 128 = 0. Suppose -a = 3*v - 7*v. Let c = 50 - v. What is the greatest common divisor of 42 and c?
14
Let h(u) = -u**2 + 5*u - 2. Let w be h(3). Suppose 10 = w*r - 2. Let t be r + (-1 + -1)/1. Calculate the highest common factor of 9 and t.
1
Suppose 0*p - 112 = 2*g - p, -g + 4*p = 63. Let w = g + 143. Calculate the highest common factor of 11 and w.
11
Suppose 4*j - 131 = 5*c, 0*c = j - 3*c - 31. Let b = -8 + 12. Suppose -q = 5*s - 95 + 29, 0 = -4*q - b*s + 216. What is the highest common factor of j and q?
17
Let w(l) = -2*l**3 - 10*l**2 + 9*l - 12. Let s be w(-6). What is the greatest common factor of s and 654?
6
Let g = -5 + 7. Suppose -105 = -3*y + v, 5*y - 5*v + v - 182 = 0. Suppose g*x - y = 22. What is the highest common divisor of x and 70?
14
Suppose 46 = 10*x - 14. Calculate the greatest common divisor of 10 and x.
2
Let b(w) = -w**2 + 8*w + 1. Let a be b(5). Suppose 6*n - 3*n = 1926. Let z be (1/(-2))/(4 + n/(-160)). Calculate the highest common divisor of z and a.
8
Let z be -2 - 5/20*0. Let x be 161*(1 + (-3 + 1 - z)). What is the greatest common divisor of x and 23?
23
Let y be -4 - (-8)/(1/1). Suppose 2*j - 6 = -2*b + y, -b = -4*j + 25. Calculate the greatest common factor of 2 and j.
2
Let x be 432/(-96)*(17/(-3) - -1). Calculate the greatest common factor of x and 15.
3
Let v = 72 - 71. Let c(i) = 34*i**2 + 2*i - 1. Let a be c(v). Calculate the greatest common factor of 14 and a.
7
Let c(b) = 64*b**2. Let l be c(1). Suppose 0 = m - 4*n - l, 4*m = -7*n + 2*n + 235. Suppose 6*k + m = 11*k. What is the greatest common divisor of k and 132?
12
Suppose -945 = 53*p - 4761. Calculate the highest common divisor of 40 and p.
8
Suppose 2*o + 6 = 0, -j + 2*o + 112 = -436. Let k = 6 + -1. Suppose k*i - j = -102. Calculate the greatest common factor of 8 and i.
8
Let n be 365/20*4 + -1. What is the highest common divisor of 24 and n?
24
Let w be (-5*(-15)/25 - -28)*1. Calculate the highest common factor of w and 7.
1
Let a = -15 - -25. Let m be (-4204)/(-6) - a/15. Let d be m/22 - (-10)/55. What is the highest common factor of 8 and d?
8
Suppose -35*s = -16*s - 760. Calculate the highest common divisor of 80 and s.
40
Suppose -l + 12*l = 44. Suppose -3*o + 46 = -2*b, -5*b + 36 = l*o - 10. What is the highest common divisor of o and 35?
7
Suppose 38*h - 34*h = -8. Let t be (-336)/36*h*6. What is the highest common factor of t and 28?
28
Let f(o) = o**3 + 16*o**2 + 19*o - 32. Let u be f(-13). Calculate the greatest common factor of u and 12.
12
Let c(v) = v**2 + 29*v - 237. Let t be c(8). What is the highest common divisor of t and 1?
1
Suppose 6*k = -n + 3*k + 60, 0 = -k. Let d = -4737 - -4817. Calculate the highest common factor of n and d.
20
Let n be 2*-1*90/(-4). Let g(w) = -15*w - 71. Let u be g(-5). Suppose -4*o - 16 = 0, 8*y - u*o - 26 = 6*y. Calculate the greatest common divisor of n and y.
5
Let r(w) = -w**3 - 8*w**2 - 9*w - 2. Let d = -3 + -4. Let z be r(d). Calculate the h